{"id":174,"date":"2021-10-04T04:22:21","date_gmt":"2021-10-04T04:22:21","guid":{"rendered":"https:\/\/webredox.net\/demo\/wp\/bauen\/light\/multi\/demo1\/?page_id=174"},"modified":"2022-11-26T13:31:29","modified_gmt":"2022-11-26T13:31:29","slug":"3d-modelleme","status":"publish","type":"page","link":"https:\/\/theinceptiondesign.com\/index.php\/services\/3d-modelleme\/","title":{"rendered":"3D Modelleme"},"content":{"rendered":"<section class=\"wpb-content-wrapper\">[vc_row row_type=&#8221;main-section&#8221; bauen_section_layout=&#8221;section_grid&#8221; bauen_section_layout_grid=&#8221;section_layout_grid3&#8243; bauen_margin_bottom=&#8221;30px&#8221;][vc_column][wr_vc_section_heading featyretype=&#8221;st2&#8243; title=&#8221;3D Modelleme&#8221;][\/wr_vc_section_heading][wr_vc_section_context]Bilgisayar ortam\u0131nda sanal \u00fc\u00e7 boyutlu modelleme yapmaktay\u0131z. Bu modelleme teknolojisi ile hayalinizi modelliyoruz.[\/wr_vc_section_context][wr_vc_section_gallery image=&#8221;190&#8243;][\/vc_column][\/vc_row]\n<\/section>","protected":false},"excerpt":{"rendered":"<p>[vc_row row_type=&#8221;main-section&#8221; bauen_section_layout=&#8221;section_grid&#8221; bauen_section_layout_grid=&#8221;section_layout_grid3&#8243; bauen_margin_bottom=&#8221;30px&#8221;][vc_column][wr_vc_section_heading featyretype=&#8221;st2&#8243; title=&#8221;3D Modelleme&#8221;][\/wr_vc_section_heading][wr_vc_section_context]Bilgisayar ortam\u0131nda sanal \u00fc\u00e7 boyutlu modelleme yapmaktay\u0131z. Bu modelleme teknolojisi ile hayalinizi modelliyoruz.[\/wr_vc_section_context][wr_vc_section_gallery image=&#8221;190&#8243;][\/vc_column][\/vc_row]<\/p>\n","protected":false},"author":1,"featured_media":0,"parent":61,"menu_order":0,"comment_status":"closed","ping_status":"closed","template":"","meta":{"_links_to":"","_links_to_target":""},"_links":{"self":[{"href":"https:\/\/theinceptiondesign.com\/index.php\/wp-json\/wp\/v2\/pages\/174"}],"collection":[{"href":"https:\/\/theinceptiondesign.com\/index.php\/wp-json\/wp\/v2\/pages"}],"about":[{"href":"https:\/\/theinceptiondesign.com\/index.php\/wp-json\/wp\/v2\/types\/page"}],"author":[{"embeddable":true,"href":"https:\/\/theinceptiondesign.com\/index.php\/wp-json\/wp\/v2\/users\/1"}],"replies":[{"embeddable":true,"href":"https:\/\/theinceptiondesign.com\/index.php\/wp-json\/wp\/v2\/comments?post=174"}],"version-history":[{"count":3,"href":"https:\/\/theinceptiondesign.com\/index.php\/wp-json\/wp\/v2\/pages\/174\/revisions"}],"predecessor-version":[{"id":2091,"href":"https:\/\/theinceptiondesign.com\/index.php\/wp-json\/wp\/v2\/pages\/174\/revisions\/2091"}],"up":[{"embeddable":true,"href":"https:\/\/theinceptiondesign.com\/index.php\/wp-json\/wp\/v2\/pages\/61"}],"wp:attachment":[{"href":"https:\/\/theinceptiondesign.com\/index.php\/wp-json\/wp\/v2\/media?parent=174"}],"curies":[{"name":"wp","href":"https:\/\/api.w.org\/{rel}","templated":true}]}}